q - 321*q = 162. Suppose -4*c + 66 = -3*y + 4*y, 0 = 4*c - 5*y - q. What is the greatest common divisor of c and 64?
16
Suppose -5*k + 7*k = 0. Suppose -3*u - 2*f + 231 = k, 3*u + 0*f - 231 = -f. Let w be 44/18*(-6)/4*-3. What is the highest common divisor of u and w?
11
Suppose -d + 21972 = 3*t + 2240, -4*d + 16 = 0. Calculate the greatest common divisor of t and 48.
48
Let q(d) = -d**2 + d + 10. Let m be q(3). Let i = m - 13. Let a(k) = -k + 11. Let v be a(i). What is the greatest common factor of 15 and v?
5
Let q(n) = -n**3 - 8*n**2 - 12*n - 16. Let d be q(-6). Let a be (d/12 - -1) + 2522/6. Calculate the highest common divisor of 21 and a.
21
Let n(t) = 8*t - 6. Let x(g) = -30*g + 188. Let k be x(6). Let m be n(k). What is the greatest common factor of m and 174?
58
Let v = -295 + 415. Let m = -308 - -312. Suppose 0 = 2*j + m*j - 48. What is the greatest common factor of j and v?
8
Let c(y) = -3*y - 46. Let w be c(-17). Suppose -20 = 5*o - 5*x, w*x - 1 = -o - 5. Let u be ((-24)/6)/(o/28). Calculate the greatest common factor of 8 and u.
4
Let c(x) = 3*x + 11. Let l be c(7). Let s = 0 + l. Let h be (((-462)/(-4))/11)/(3/s). What is the greatest common divisor of h and 16?
16
Let j = 9434 + -9062. What is the greatest common divisor of 732 and j?
12
Let a be 3128*(231/(-28) - -9). What is the highest common divisor of 51 and a?
51
Let t = 7372 + -7314. What is the highest common divisor of 1566 and t?
58
Suppose 240 = -l + 3*l. Calculate the highest common divisor of 1160 and l.
40
Suppose 45*q - 3526 - 128763 = 119261. Calculate the highest common divisor of q and 1040.
130
Let a(b) = -b**2 + 4*b - 2. Let y be a(2). Suppose y*x = 3*l + 44 + 7, 4*l = x - 13. Suppose -k + 45 = 42. What is the greatest common factor of x and k?
3
Let b(v) = -v**2 - 6*v + 14. Let z be b(-6). Suppose -319 = -12*i - 67. Calculate the highest common divisor of i and z.
7
Suppose -39*o + 155*o = -5540 + 31060. What is the greatest common divisor of o and 902?
22
Let q(u) = 8*u - 210. Let o be q(24). Let y be (120/9)/((-1)/o). Calculate the greatest common factor of 15 and y.
15
Let t be (-504)/(-99) - 5 - (-1383)/33. Calculate the greatest common factor of t and 196.
14
Suppose 3*t = -3*p + 3, -8*p + 6 = 2*t - 7*p. Suppose 21*v - 18144 = t*v. What is the highest common factor of 18 and v?
18
Suppose -2256 = -4*o - 4*u, -o - 28*u + 26*u = -571. What is the greatest common divisor of 2 and o?
1
Let w(d) = 195*d**2 + 53*d + 147. Let i be w(-3). Calculate the greatest common factor of i and 21.
21
Suppose -4*p - 4*t - 5784 = -8*p, 2*t - 5808 = -4*p. What is the highest common factor of 58 and p?
58
Let u be (-2433)/3244 + 575/4 + 1. Suppose 5*o + 10 = 25. Suppose k - 93 = -o*f + 20, 4*f + 3*k = u. What is the highest common factor of 78 and f?
39
Suppose -w = -16*t + 14*t + 112, 3*w = 2*t - 128. What is the greatest common divisor of t and 18954?
26
Let y(w) = -171*w + 6092. Let p be y(29). What is the greatest common factor of p and 528?
11
Suppose -y = d - 1470 + 572, -2*y = 3*d - 2696. What is the greatest common factor of d and 190?
10
Let s(x) = -2511*x - 3394. Let n be s(-2). Calculate the greatest common factor of n and 148.
148
Let j = -34 - -39. Let y(q) = 2*q - 6. Let n be y(j). Suppose 0 = n*d - 215 - 217. Calculate the greatest common factor of d and 12.
12
Let a = 497873 - 497865. Let l be (1/2)/((-1)/(-26)). What is the greatest common divisor of l and a?
1
Let z be (-140 - -163) + (-2 - 1/(-1)). Calculate the highest common divisor of 1342 and z.
22
Let o(l) = l**2 + 6*l - 4. Let a be o(4). Let g be (-10761)/(-69) - (-12)/2484*9. What is the highest common divisor of g and a?
12
Let k(t) = -666*t - 376. Let p be k(-2). Calculate the highest common divisor of 1 and p.
1
Let w = -13 - -361. Let q = w - 192. What is the highest common divisor of 117 and q?
39
Let f(l) = -11*l**3 - 14*l**2 - 39*l - 7. Let p be f(-4). What is the highest common divisor of 51 and p?
17
Let k = 19 - 16. Suppose -5 = -a - 5*r, k*a = 5*r + 19 - 4. Suppose 5*b - 91 = a*s - 21, -3*s + 18 = b. Calculate the highest common divisor of 45 and b.
15
Let r = -46 + 50. Let v(a) = a**2 + 10*a + 24. Let h be v(-8). Let f be (0*r/h)/(-1) - -150. What is the highest common divisor of 30 and f?
30
Let s(r) = -r**3 - 2*r**2 + 12. Let h be s(0). Suppose -x - 2*n = -h, 5*x - 2*x + 2*n = 48. Let g = 112 - 76. What is the highest common factor of x and g?
18
Let s be (0 + (-4)/(-12))*12. Let z(b) = 7*b**2 - 3*b - 12. Let q be z(s). Let h = -58 + q. What is the highest common factor of h and 45?
15
Suppose 3*z - 3*v - 332 = -284, 4*z = -v + 49. Calculate the highest common divisor of z and 481.
13
Let x be (-4 - -3 - 1) + 11. Suppose 18 = x*d - 7*d. Let s be (-3444)/(-48) + (-2)/(-8). Calculate the highest common divisor of d and s.
9
Let l be -7*(-10)/385 + 11180/220. Calculate the greatest common factor of l and 119.
17
Suppose 179*a = 56*a + 51414. What is the highest common factor of a and 304?
38
Suppose 27*j - 31*j + 24 = 0, 0 = 2*x + 5*j - 168. What is the greatest common factor of 42366 and x?
69
Suppose 299*i = 289*i + 180. What is the highest common factor of i and 1863?
9
Let l(v) = -2*v**2 - 12*v - 1. Let c be l(-4). Let x(f) = 4*f**3 + 1. Let a be x(2). Let u = a - 3. Calculate the greatest common divisor of u and c.
15
Let i be ((1 - 2) + -1)/(7/112). Let z be (i/4)/(6/(-51)). Suppose 3*r - 110 = 2*d, 4*r - d = 2*r + 72. What is the greatest common factor of z and r?
34
Let h be -1 + 44*(5 - (-60)/16). Calculate the highest common divisor of h and 36.
12
Suppose -15*s - 4*s - 266 = -2565. Calculate the highest common divisor of 275 and s.
11
Let d(k) be the first derivative of k**3/3 + 4*k**2 + 7*k - 82. Let u be d(-19). Calculate the greatest common divisor of 8 and u.
8
Let f be (-43 - (-1404)/36)*4/(-1). Let l(q) = 176*q**2 + q + 1. Let p be l(-1). Calculate the highest common divisor of p and f.
16
Let f be (-256)/512*-1*146. Calculate the greatest common divisor of 2117 and f.
73
Let r = 141 + -179. Let v(y) = -y**3 - 39*y**2 - 46*y + 80. Let s be v(r). What is the highest common factor of 12 and s?
12
Let n = -48 - -83. Let c(f) = 7*f - 2. Let t be c(1). Suppose -3*a - r = 3*r - 545, -500 = -3*a + t*r. What is the greatest common factor of a and n?
35
Suppose 5*q - 5*i - 1104 = -334, 0 = -q - 2*i + 124. Let h = -80 + 112. Calculate the highest common factor of q and h.
16
Let o(w) = w**2 + 39*w + 5. Let u be o(-23). Let x = -351 - u. What is the highest common factor of x and 4?
4
Suppose -242*b + 247*b = -l + 136, 0 = -5*b + 2*l + 118. Let p(f) = 2*f**3 - 2*f**2 + 3*f - 1. Let u be p(2). What is the highest common divisor of b and u?
13
Let q = -22954 + 51411. What is the highest common factor of 143 and q?
143
Let h = 19480 - 11152. What is the greatest common factor of 48 and h?
24
Let v be ((-42)/7 - 52/6)*-30. Calculate the greatest common divisor of v and 495.
55
Let d(a) = -4*a**3 - 11*a**2 + 11*a + 21. Let k be d(-8). Suppose 0 = 7*q - k + 262. Calculate the highest common factor of q and 30.
5
Suppose 0 = 3*g - 6, -152*l - g = -153*l + 133. What is the greatest common divisor of 10125 and l?
135
Suppose -70*n + 55*n = -43425. What is the highest common factor of 90 and n?
15
Let r be 2 + -1 - (0 - -50). Let x = 54 + r. Suppose -9 = -2*c + x. What is the greatest common factor of c and 35?
7
Let a = 21 - -67. Let p = 823 + -779. What is the highest common divisor of a and p?
44
Let u(i) = 28*i - 7*i**2 - 5*i**2 + 21*i**2 + 12. Let g be u(-6). What is the highest common divisor of g and 24?
24
Suppose 86*p = 573 + 1061. Suppose 5*m - 2*o + 3*o = 480, -310 = -3*m - 5*o. What is the greatest common divisor of p and m?
19
Let j(m) = -m**3 - 30*m**2 - 32*m - 87. Let a be j(-29). Let c be (3 - -19) + (4/1 - a). What is the greatest common divisor of c and 182?
26
Let s(c) = 2*c**3 + 85*c**2 - 48*c - 67. Let g be s(-43). What is the greatest common factor of g and 4810?
74
Let l be (-6)/4 - 7/(-2). Suppose 4*g + 26 = t + 1, l*t + 3*g - 50 = 0. Let y be (-5)/t - 1762/(-10). Calculate the highest common divisor of 22 and y.
22
Suppose 1804*r - 1713*r = 3276. What is the highest common factor of 15480 and r?
36
Let x = 18054 - 9411. What is the greatest common divisor of 67 a